{"id":1190,"date":"2020-12-10T16:09:54","date_gmt":"2020-12-10T16:09:54","guid":{"rendered":"http:\/\/formationplus.smainternational.info\/?page_id=1190"},"modified":"2020-12-10T19:27:49","modified_gmt":"2020-12-10T19:27:49","slug":"annual-meetings-program","status":"publish","type":"page","link":"https:\/\/www.formationplus.smainternational.site\/index.php\/annual-meetings-program\/","title":{"rendered":"Annual Meetings Program"},"content":{"rendered":"\t\t<div data-elementor-type=\"wp-page\" data-elementor-id=\"1190\" class=\"elementor elementor-1190\">\n\t\t\t\t\t\t<section class=\"elementor-section elementor-top-section elementor-element elementor-element-305dba0 elementor-section-boxed elementor-section-height-default elementor-section-height-default\" data-id=\"305dba0\" data-element_type=\"section\" data-e-type=\"section\">\n\t\t\t\t\t\t<div class=\"elementor-container elementor-column-gap-default\">\n\t\t\t\t\t<div class=\"elementor-column elementor-col-100 elementor-top-column elementor-element elementor-element-72111a0\" data-id=\"72111a0\" data-element_type=\"column\" data-e-type=\"column\">\n\t\t\t<div class=\"elementor-widget-wrap elementor-element-populated\">\n\t\t\t\t\t\t<div class=\"elementor-element elementor-element-ee2a495 elementor-widget elementor-widget-text-editor\" data-id=\"ee2a495\" data-element_type=\"widget\" data-e-type=\"widget\" data-widget_type=\"text-editor.default\">\n\t\t\t\t<div class=\"elementor-widget-container\">\n\t\t\t\t\t\t\t\t\t<p>Dear members of the SMA international media,<\/p><p>During this pastoral year 2020-2021, our various meetings with a view to establishing an effective and dynamic network, responding to the needs of our mission today, are as follows:<\/p><ul><li><strong>Friday, 12 February 2021<\/strong><\/li><li><strong>Friday, 09 April 2021<\/strong><\/li><li><strong>Friday, 18 June 2021<\/strong><\/li><\/ul><p><br \/>Please note them down in your different calendars.<\/p><p>Thanks!<\/p><hr \/><p>\u00a0<\/p><p>Tr\u00e8s chers membres du media SMA international,<\/p><p>au compte de cette ann\u00e9e pastorale 2020-2021, nos diff\u00e9rentes rencontres en vue d&#8217;\u00e9tablir un r\u00e9seau efficace et dynamique, r\u00e9pondant aux besoins de notre mission aujourd&#8217;hui, s&#8217;\u00e9tablissent comme suit:<\/p><ul><li><strong>Vendredi 12 F\u00e9vrier 2021<\/strong><\/li><li><strong>Vendredi 09 Avril 2021<\/strong><\/li><li><strong>Vendredi 18 Juin 2021<\/strong><\/li><\/ul><p><br \/>Merci de bien vouloir les noter dans vos differents calendriers.<\/p><h6>SMA Media Center<\/h6>\t\t\t\t\t\t\t\t<\/div>\n\t\t\t\t<\/div>\n\t\t\t\t\t<\/div>\n\t\t<\/div>\n\t\t\t\t\t<\/div>\n\t\t<\/section>\n\t\t\t\t<\/div>\n\t\t","protected":false},"excerpt":{"rendered":"<p>Dear members of the SMA international media, During this pastoral year 2020-2021, our various meetings with a view to establishing an effective and dynamic network, responding to the needs of our mission today, are as follows: Friday, 12 February 2021 Friday, 09 April 2021 Friday, 18 June 2021 Please note them down in your different [&hellip;]<\/p>\n","protected":false},"author":3,"featured_media":0,"parent":0,"menu_order":0,"comment_status":"closed","ping_status":"closed","template":"","meta":{"footnotes":""},"class_list":["post-1190","page","type-page","status-publish","hentry"],"jetpack_sharing_enabled":true,"_links":{"self":[{"href":"https:\/\/www.formationplus.smainternational.site\/index.php\/wp-json\/wp\/v2\/pages\/1190","targetHints":{"allow":["GET"]}}],"collection":[{"href":"https:\/\/www.formationplus.smainternational.site\/index.php\/wp-json\/wp\/v2\/pages"}],"about":[{"href":"https:\/\/www.formationplus.smainternational.site\/index.php\/wp-json\/wp\/v2\/types\/page"}],"author":[{"embeddable":true,"href":"https:\/\/www.formationplus.smainternational.site\/index.php\/wp-json\/wp\/v2\/users\/3"}],"replies":[{"embeddable":true,"href":"https:\/\/www.formationplus.smainternational.site\/index.php\/wp-json\/wp\/v2\/comments?post=1190"}],"version-history":[{"count":7,"href":"https:\/\/www.formationplus.smainternational.site\/index.php\/wp-json\/wp\/v2\/pages\/1190\/revisions"}],"predecessor-version":[{"id":1216,"href":"https:\/\/www.formationplus.smainternational.site\/index.php\/wp-json\/wp\/v2\/pages\/1190\/revisions\/1216"}],"wp:attachment":[{"href":"https:\/\/www.formationplus.smainternational.site\/index.php\/wp-json\/wp\/v2\/media?parent=1190"}],"curies":[{"name":"wp","href":"https:\/\/api.w.org\/{rel}","templated":true}]}}